{"id":88,"date":"2024-10-03T14:11:23","date_gmt":"2024-10-03T14:11:23","guid":{"rendered":"https:\/\/www.lasercare.cz\/?page_id=88"},"modified":"2024-10-05T06:10:48","modified_gmt":"2024-10-05T06:10:48","slug":"procedury","status":"publish","type":"page","link":"https:\/\/www.lasercare.cz\/?page_id=88","title":{"rendered":"Proced\u016fry"},"content":{"rendered":"\n<p class=\"has-text-align-center\"><strong>Na\u0161e slu\u017eby<\/strong><\/p>\n\n\n\n<p class=\"has-text-align-center\">&#8211; Strojov\u00e1 aplikace kyseliny hyaluronov\u00e9. Zajist\u00edme v\u00e1m hladkou a hydratovanou ple\u0165.<\/p>\n\n\n\n<p class=\"has-text-align-center\">&#8211; Individu\u00e1ln\u00ed p\u0159\u00edstup. Ka\u017ed\u00fd klient je pro n\u00e1s unik\u00e1tn\u00ed a zaslou\u017e\u00ed si p\u00e9\u010di na m\u00edru.<\/p>\n\n\n\n<p class=\"has-text-align-center\">&#8211; Odborn\u00e9 konzultace. Na\u0161i experti v\u00e1m porad\u00ed a navrhnou nejlep\u0161\u00ed \u0159e\u0161en\u00ed pro va\u0161i poko\u017eku.<\/p>\n\n\n<div class=\"wp-block-image\">\n<figure class=\"aligncenter size-large\"><img loading=\"lazy\" decoding=\"async\" width=\"1024\" height=\"373\" src=\"http:\/\/www.lasercare.cz\/wp-content\/uploads\/2024\/10\/7-1024x373.png\" alt=\"\" class=\"wp-image-132\" srcset=\"https:\/\/www.lasercare.cz\/wp-content\/uploads\/2024\/10\/7-1024x373.png 1024w, https:\/\/www.lasercare.cz\/wp-content\/uploads\/2024\/10\/7-300x109.png 300w, https:\/\/www.lasercare.cz\/wp-content\/uploads\/2024\/10\/7-768x280.png 768w, https:\/\/www.lasercare.cz\/wp-content\/uploads\/2024\/10\/7-1536x560.png 1536w, https:\/\/www.lasercare.cz\/wp-content\/uploads\/2024\/10\/7.png 1920w\" sizes=\"auto, (max-width: 1024px) 100vw, 1024px\" \/><\/figure>\n<\/div>\n\n\n<p class=\"has-text-align-center\"><strong>Pro\u010d si vybrat Laser Care?<\/strong><\/p>\n\n\n\n<p class=\"has-text-align-center\">&#8211; Profesion\u00e1ln\u00ed t\u00fdm. Na\u0161i specialist\u00e9 jsou \u0161koleni v nejmodern\u011bj\u0161\u00edch technik\u00e1ch.<\/p>\n\n\n\n<p class=\"has-text-align-center\">&#8211; Pokro\u010dil\u00e9 technologie. Pou\u017e\u00edv\u00e1me nejnov\u011bj\u0161\u00ed p\u0159\u00edstroje a metody pro maxim\u00e1ln\u00ed efektivitu.<\/p>\n\n\n\n<p class=\"has-text-align-center\">&#8211; Spokojenost klient\u016f. Va\u0161e spokojenost je na\u0161\u00ed nejvy\u0161\u0161\u00ed prioritou.<\/p>\n\n\n\n<p class=\"has-text-align-center\">Kontaktujte n\u00e1s je\u0161t\u011b dnes a objevte kouzlo mladistv\u00e9 poko\u017eky s Laser Care.<\/p>\n\n\n\n<div class=\"wp-block-buttons is-content-justification-center is-layout-flex wp-container-core-buttons-is-layout-16018d1d wp-block-buttons-is-layout-flex\">\n<div class=\"wp-block-button has-custom-width wp-block-button__width-50 has-custom-font-size has-small-font-size\"><a class=\"wp-block-button__link has-black-color has-text-color has-background has-link-color wp-element-button\" href=\"https:\/\/www.lasercare.cz\/?page_id=8\" style=\"background-color:#e1e1e1\"><strong>KONTAKT<\/strong><\/a><\/div>\n<\/div>\n\n\n\n<p><\/p>\n\n\n<div class=\"wp-block-image\">\n<figure class=\"aligncenter size-full\"><img loading=\"lazy\" decoding=\"async\" width=\"512\" height=\"512\" src=\"http:\/\/www.lasercare.cz\/wp-content\/uploads\/2024\/10\/cropped-3-1.png\" alt=\"\" class=\"wp-image-101\" srcset=\"https:\/\/www.lasercare.cz\/wp-content\/uploads\/2024\/10\/cropped-3-1.png 512w, https:\/\/www.lasercare.cz\/wp-content\/uploads\/2024\/10\/cropped-3-1-300x300.png 300w, https:\/\/www.lasercare.cz\/wp-content\/uploads\/2024\/10\/cropped-3-1-150x150.png 150w, https:\/\/www.lasercare.cz\/wp-content\/uploads\/2024\/10\/cropped-3-1-270x270.png 270w, https:\/\/www.lasercare.cz\/wp-content\/uploads\/2024\/10\/cropped-3-1-192x192.png 192w, https:\/\/www.lasercare.cz\/wp-content\/uploads\/2024\/10\/cropped-3-1-180x180.png 180w, https:\/\/www.lasercare.cz\/wp-content\/uploads\/2024\/10\/cropped-3-1-32x32.png 32w\" sizes=\"auto, (max-width: 512px) 100vw, 512px\" \/><\/figure>\n<\/div>","protected":false},"excerpt":{"rendered":"<p>Na\u0161e slu\u017eby &#8211; Strojov\u00e1 aplikace kyseliny hyaluronov\u00e9. Zajist\u00edme v\u00e1m hladkou a hydratovanou ple\u0165. &#8211; Individu\u00e1ln\u00ed p\u0159\u00edstup. Ka\u017ed\u00fd klient je pro n\u00e1s unik\u00e1tn\u00ed a zaslou\u017e\u00ed si p\u00e9\u010di na m\u00edru. &#8211; Odborn\u00e9 &hellip; <\/p>\n","protected":false},"author":1,"featured_media":133,"parent":0,"menu_order":0,"comment_status":"closed","ping_status":"closed","template":"","meta":{"footnotes":""},"class_list":["post-88","page","type-page","status-publish","has-post-thumbnail","hentry"],"_links":{"self":[{"href":"https:\/\/www.lasercare.cz\/index.php?rest_route=\/wp\/v2\/pages\/88","targetHints":{"allow":["GET"]}}],"collection":[{"href":"https:\/\/www.lasercare.cz\/index.php?rest_route=\/wp\/v2\/pages"}],"about":[{"href":"https:\/\/www.lasercare.cz\/index.php?rest_route=\/wp\/v2\/types\/page"}],"author":[{"embeddable":true,"href":"https:\/\/www.lasercare.cz\/index.php?rest_route=\/wp\/v2\/users\/1"}],"replies":[{"embeddable":true,"href":"https:\/\/www.lasercare.cz\/index.php?rest_route=%2Fwp%2Fv2%2Fcomments&post=88"}],"version-history":[{"count":5,"href":"https:\/\/www.lasercare.cz\/index.php?rest_route=\/wp\/v2\/pages\/88\/revisions"}],"predecessor-version":[{"id":191,"href":"https:\/\/www.lasercare.cz\/index.php?rest_route=\/wp\/v2\/pages\/88\/revisions\/191"}],"wp:featuredmedia":[{"embeddable":true,"href":"https:\/\/www.lasercare.cz\/index.php?rest_route=\/wp\/v2\/media\/133"}],"wp:attachment":[{"href":"https:\/\/www.lasercare.cz\/index.php?rest_route=%2Fwp%2Fv2%2Fmedia&parent=88"}],"curies":[{"name":"wp","href":"https:\/\/api.w.org\/{rel}","templated":true}]}}